Let v = 844 - -254. What are the prime factors of v?
2, 3, 61
Suppose -4*t - 18 = -3*b + 11, 0 = -5*b - 3*t. Suppose -c - 492 = -5*m, -100 - 191 = -b*m + 2*c. What are the prime factors of m?
3, 11
Let l be 80/(-12) - 8/(-12). What are the prime factors of l/10 + 816/60?
13
What are the prime factors of ((-7756)/(-98))/((-5)/(70/(-4)))?
277
Let a = 987 - 554. Suppose 2*p + 161 = a. List the prime factors of p.
2, 17
Suppose -2*k = 3*o + 2*k - 691, -5*o + 1105 = -5*k. Suppose 5*n = -4*q + o, 0*q - q = 3*n - 58. Suppose -q = -5*u + 40. What are the prime factors of u?
19
Suppose -11*d = -2*d - 72. What are the prime factors of 8/32 + 830/d?
2, 13
Suppose -10920 = -1452*h + 1445*h. List the prime factors of h.
2, 3, 5, 13
Suppose -5*m = -2*q - 2, -2*q + 5 - 1 = -2*m. Let z(s) = 4*s + 4*s**2 - 6*s**m + 4 + 3*s**2 + 6*s. What are the prime factors of z(-13)?
43
Let i(u) = 2*u**2 + 6*u + 20. Let f(o) = -o**2 - 2*o - 7. Let l(n) = -7*f(n) - 2*i(n). List the prime factors of l(-4).
7
Let a(d) = -d**3 - 9*d**2 + 15. Let z be a(-8). Let i = z + 125. List the prime factors of i.
2, 19
What are the prime factors of -3*(5 + 382/(-1))?
3, 13, 29
Suppose 6*n = 7*n - 3. Suppose -n*m + 11 = -1. Suppose 0*h + 2*h - 54 = -2*u, -3*h = -m*u - 74. What are the prime factors of h?
2, 13
Let b(i) = i**2 + 2*i - 5. Let x be b(-6). Let w = -17 + x. List the prime factors of w*(150/(-4))/(-3).
5
Suppose r - 7 + 4 = 0. Suppose -44 - 172 = -r*u. List the prime factors of u.
2, 3
Suppose 76*l + 10404 = 82*l. What are the prime factors of l?
2, 3, 17
Suppose 16 = -a - 92. Let z = -93 - a. What are the prime factors of z?
3, 5
Let v be 15*(1 + 3 - 5). Let a = 3 + v. Let x = a + 26. List the prime factors of x.
2, 7
Let y = -6 - -7. Let b(q) = -11*q**2 - 13*q - 5. Let i(o) = o**3 + o**2. Let z(c) = y*b(c) - i(c). List the prime factors of z(-11).
17
Let r(y) = -y**3 - 6*y**2 + 2. Let j be r(-6). Let p be (-30)/(-5)*j/3. Suppose p*d - 68 = -0*d. List the prime factors of d.
17
Let o = -627 + 1146. What are the prime factors of o?
3, 173
Let g be (-127)/(-4) + (-14)/(-56). Suppose 0 = n - g - 40. List the prime factors of n.
2, 3
Suppose 0*m - 3*m = 5*k - 21, 0 = -5*k + 15. Suppose 0 = -5*f + 2*y + 580, -m*f - 4*y = -36 - 172. What are the prime factors of f?
2, 3, 19
Let m(v) = 8*v - 6. Let y(l) = 9*l - 7. Let h(w) = -7*m(w) + 6*y(w). Let d be h(-10). Let n = d + 10. List the prime factors of n.
2, 3, 5
Let i = 85 + -131. Let x = -30 - i. List the prime factors of x.
2
Let o be 1*(-2 - 0)*76/(-8). Let m(d) = d**2 - 4*d - 29. What are the prime factors of m(o)?
2
What are the prime factors of (1313 + -6)*(0 + 1)?
1307
What are the prime factors of (-1)/2 - (2578/(-4) + 2)?
2, 3, 107
Let b(u) = 77*u + 41. What are the prime factors of b(3)?
2, 17
Let l = 50 + -22. Suppose -2*n - 2*a - l = 2*a, 2*n = a - 33. Let p = 36 + n. List the prime factors of p.
2, 5
Let b be 702 + 8/(-4) + 3. What are the prime factors of b/19 + (-2 - 0)?
5, 7
Suppose 10 = -c + 2*n, -2*n - 8 = 2*n. Let f = c - -17. Suppose f = -r - 0*r + 4*x, 3*x = -5*r + 77. List the prime factors of r.
13
Let m be -5 + (-66)/(-24)*4. What are the prime factors of ((-6)/1)/(m + 720/(-117))?
3, 13
Suppose 392 = 6*u - 4. Let b = u + -48. List the prime factors of b.
2, 3
Let l = 1712 + -997. List the prime factors of l.
5, 11, 13
Suppose 4*r = 2*m + 148, 4*m + 0*r = -4*r - 260. Let g = m + 113. List the prime factors of g.
3, 5
Suppose -2*a = -0*a - 3*c - 16, -2*a - 2*c - 4 = 0. Suppose -a*b + b + 2 = -g, 5*b = -5*g - 40. What are the prime factors of b/2*(-26)/3?
13
Let h = -447 + 767. List the prime factors of h.
2, 5
Let y be (-4)/10 + (-9772)/70. List the prime factors of 5/(y/(-8)) + 1779/21.
5, 17
Let f(a) = -a**2 - a - 9. Let o be f(-4). Let g = 325 + o. List the prime factors of g.
2, 19
Suppose 0 = -186*s + 189*s - 966. What are the prime factors of s?
2, 7, 23
Let k be ((-138)/(-12))/(1/2). Let p = 2 - k. What are the prime factors of 363/21 - (-6)/p?
17
Suppose -6*a - 2 = -5*a. Let w be (1*(0 - 6))/a. Suppose 3*m - 63 = 3*x, 0 = w*m - 4*m - x + 15. List the prime factors of m.
2, 3
Let h(x) be the first derivative of -x**4/4 + 4*x**3 + x**2/2 - 12*x - 5. Let a be h(12). Suppose 4*b - 47 - 41 = a. List the prime factors of b.
2, 11
Suppose -441 = -5*l + 4*l. What are the prime factors of l?
3, 7
Let c = -435 - -335. Suppose 66 + 498 = -4*d. Let m = c - d. What are the prime factors of m?
41
Suppose -5*d + 14 = -6. Suppose d*j - 117 = 119. Let h = j + -36. What are the prime factors of h?
23
Let a(k) = -133*k - 2. Let m be a(1). Let j = m + 194. List the prime factors of j.
59
Let g(d) = d**3 + 8*d**2 + 2. Let j be g(-8). Suppose 9 + 31 = j*b. What are the prime factors of b/(33/9 - 3)?
2, 3, 5
Suppose 0 = -6*g + g. Suppose -3*c - c + 292 = g. What are the prime factors of c?
73
Let a(h) = 5*h**2 + 12*h + 70. What are the prime factors of a(-11)?
3, 181
Let n be ((-66)/(-16))/(-11) + 14049/24. Suppose r + 4*r = n. List the prime factors of r.
3, 13
Suppose 0 = -6*u - 4 + 10. Let x = 5 - u. List the prime factors of x.
2
What are the prime factors of (-1)/(-2) - 2100/(-8)?
263
Suppose -4*l + 0*y = -3*y - 936, -y - 707 = -3*l. What are the prime factors of l?
3, 79
Let k be (-158)/(-12) - (-10)/(-60). Let j = k - 9. Suppose a + 31 + 5 = d, -d = j*a - 36. What are the prime factors of d?
2, 3
Let h be (-9)/12*20/(-3). Let a = h - 3. Suppose 0 = 3*m - a - 4. List the prime factors of m.
2
Let r(o) = 22*o + 42. Let a be r(-7). Let n = 279 + a. List the prime factors of n.
167
Let f be -1*1/((-5)/10). Suppose 4*z - z = -f*l + 38, -4*z = 4*l - 48. What are the prime factors of z?
2, 7
Let y(x) = -11*x - 5. Let i be y(2). Let z = 36 + i. What are the prime factors of z?
3
Let c(r) = r**3 + 1 + 2*r**3 + 3*r**3 - 4*r**3. Let g be c(1). Suppose -g*v = t - 22, 2*v - 5*t = -t + 38. What are the prime factors of v?
3
Let i = 691 + -87. List the prime factors of i.
2, 151
Suppose -2*q + 2 = 4*v - 2, -6 = -3*q + 4*v. Suppose -q*s + 0*s - 5*b = 11, -4 = s + 2*b. Suppose -s*o = -20 - 4. What are the prime factors of o?
2, 3
Suppose 5*a - 308 = -23. Let i = 19 + -45. Let w = a + i. List the prime factors of w.
31
Suppose -3*b = -4*i + 13138, -i - 9*b + 3296 = -4*b. List the prime factors of i.
2, 31, 53
Let g(r) = -21 + 28*r + 5*r - 10. What are the prime factors of g(8)?
233
Suppose 5*z - 208 = -43. Let g(p) = p**3 - 7*p**2 + 2*p - 10. Let s be g(7). Suppose 4*i + s*f = 84, 2*i + 0*f - z = f. What are the prime factors of i?
2, 3
Suppose -5*d + 3*d = -946. What are the prime factors of d?
11, 43
Let u = 7293 + -2246. List the prime factors of u.
7, 103
Let a = 11082 + -6920. List the prime factors of a.
2, 2081
Let n(s) = -s + 7. Let h be n(8). Let y be 10 + -11 - (-4 - h). Suppose y*x - 69 = -2*o + 29, 4*x - 190 = -2*o. What are the prime factors of x?
2, 23
Suppose -29*p - 15*p = -184844. What are the prime factors of p?
4201
Suppose -174 = -0*i + 2*i. Let b = i + 125. What are the prime factors of b?
2, 19
Let y be 159*(-5)/(-15)*2. Suppose 5*s = -2*c + 46, -12 = -4*s + s + 4*c. Suppose 10*t = s*t + y. What are the prime factors of t?
53
Let m(u) = -5*u**3 + 9*u**2 + 2*u - 2. What are the prime factors of m(-5)?
2, 419
Let a(y) = 2*y**3 + 9*y**2 - 3*y - 8. What are the prime factors of a(6)?
2, 5, 73
Let s = -29 + 31. Suppose l = 2*p - 3*l - 144, s*p = -5*l + 144. What are the prime factors of p?
2, 3
Let h(s) = 2*s**2 + 5 - 13 + 0*s**2 - 83*s + 84*s + 5*s**2. Let y(u) = -2*u + 9. Let p be y(6). What are the prime factors of h(p)?
2, 13
Let t(j) be the first derivative of 8*j**3/3 - 5*j**2/2 + 22*j + 35. What are the prime factors of t(5)?
197
Let v(s) = s - 3. Let x be v(5). Suppose y - 3*y - x*h = -8, 5*h = -20. List the prime factors of (y/(-12))/(4/(-54)).
3
Suppose 4*g + 10*x - 31 = 15*x, 28 = 4*g - 4*x. Suppose g*c - 906 - 70 = -4*p, -1238 = -5*c + p. List the prime factors of c.
13, 19
Suppose -4*w + 272 = -12. What are the prime factors of w?
71
Suppose -5*n - 11 - 604 = 0. List the prime factors of n*(-1)/3*3.
3, 41
Let r be (-72)/(-2)*15/10. Suppose d + 2*d = r. What are the prime factors of (-5)/30 + 903/d?
2, 5
Suppose 5612 = 5*t - t - 5*r, 2*t - 3*r = 2804. List the prime factors of t.
2, 11
Let d(b) = -b**3 + 